{"id":3,"date":"2024-06-18T12:00:03","date_gmt":"2024-06-18T15:00:03","guid":{"rendered":"http:\/\/fafajud.com.br\/sitenovo\/?page_id=3"},"modified":"2024-07-04T12:27:16","modified_gmt":"2024-07-04T15:27:16","slug":"politica-de-privacidade","status":"publish","type":"page","link":"https:\/\/fafajud.com.br\/sitenovo\/politica-de-privacidade\/","title":{"rendered":"\u00a0Pol\u00edtica de Privacidade"},"content":{"rendered":"\t\t<div data-elementor-type=\"wp-page\" data-elementor-id=\"3\" class=\"elementor elementor-3\" data-elementor-post-type=\"page\">\n\t\t\t\t<div class=\"elementor-element elementor-element-692bf01e e-flex e-con-boxed e-con e-parent\" data-id=\"692bf01e\" data-element_type=\"container\">\n\t\t\t\t\t<div class=\"e-con-inner\">\n\t\t\t\t<div class=\"elementor-element elementor-element-69d08186 elementor-widget elementor-widget-text-editor\" data-id=\"69d08186\" data-element_type=\"widget\" data-widget_type=\"text-editor.default\">\n\t\t\t\t<div class=\"elementor-widget-container\">\n\t\t\t\t\t\t\t<h4><strong>SUA PRIVACIDADE<\/strong><\/h4>\n<p>Sua privacidade \u00e9 importante para n\u00f3s. Este aviso de privacidade se aplica a informa\u00e7\u00f5es pessoais que coletamos de voc\u00ea. Ele sempre ficar\u00e1 dispon\u00edvel em sua vers\u00e3o mais atualizada e de forma gratuita no website\u00a0<a href=\"http:\/\/www.fafadvogados.com.br\/\"><strong>www.fafadvogados.com.br<\/strong><\/a>\u00a0no link\u00a0<a href=\"http:\/\/www.fafadvogados.com.br\/politica-privacidade\"><strong>\u201cPol\u00edtica de Privacidade\u201d<\/strong><\/a>.<\/p>\n<p>Esta pol\u00edtica se aplica a indiv\u00edduos (pessoas naturais) que interagem com os servi\u00e7os da Vieira de Figueiredo Advogados Associados (FAF Advogados Associados) como clientes, usu\u00e1rios do nosso website, ex-colaboradores ou candidatos (\u201cVoc\u00ea\u201d), e abrange as nossas atividades de coleta de dados.<\/p>\n<p>Para efeitos desse aviso de privacidade, o controlador de dados \u00e9 a Vieira de Figueiredo Advogados Associados (FAF Advogados Associados), com sede na Av. Jos\u00e9 Rodrigues Prado, 221 \u2013 Santa Rosa | CEP 78.040-000 \u2013 Cuiab\u00e1\/MT, inscrita no CNPJ 08.530185\/0001-58. Para mais informa\u00e7\u00f5es, voc\u00ea pode entrar em contato conosco atrav\u00e9s do e-mail\u00a0<a href=\"mailto:encarregado-dpo@fafadvogados.com.br\"><strong>encarregado-dpo@fafadvogados.com.br<\/strong><\/a>.<\/p>\n<p><strong>Os seus Dados Pessoais s\u00e3o indispens\u00e1veis para a Vieira de Figueiredo Advogados Associados (FAF Advogados Associados), uma vez dito isto, recomendamos que caso n\u00e3o esteja de acordo com esta pol\u00edtica n\u00e3o acesse o nosso website, contrate nossos produtos ou servi\u00e7os e n\u00e3o compartilhe seus Dados Pessoais conosco.<\/strong><\/p>\n<p>Este documento foi elaborado em conformidade com a Lei Geral de Prote\u00e7\u00e3o de Dados Pessoais (Lei 13.709\/18), podendo ainda, sofrer altera\u00e7\u00f5es em decorr\u00eancia de eventual atualiza\u00e7\u00e3o normativa.<\/p>\n<h4><strong>DADOS PESSOAIS E INFORMA\u00c7\u00d5ES QUE COLETAMOS<\/strong><\/h4>\n<p><strong>Usu\u00e1rio do Website<\/strong><\/p>\n<ul>\n<li>Informa\u00e7\u00f5es que voc\u00ea nos fornece quando preencher algum formul\u00e1rio online, campo de pesquisa, ou se registrar para receber alertas sobre nossos produtos.<\/li>\n<li>Informa\u00e7\u00f5es que coletamos atrav\u00e9s de cookies, detalhes sobre o seu computador ou outro dispositivo port\u00e1til que foi utilizado para acessar o nosso website, servi\u00e7os ou aplicativos, incluindo o registro do endere\u00e7o IP utilizado para conectar seu computador ou dispositivo \u00e0 internet, sua localiza\u00e7\u00e3o geogr\u00e1fica, o tipo e a vers\u00e3o de sistema operacional e o tipo e a vers\u00e3o do seu navegador da web.<\/li>\n<li>Podemos solicitar informa\u00e7\u00f5es sobre o uso do website, caso voc\u00ea tenha problemas durante a navega\u00e7\u00e3o em nosso website.<\/li>\n<\/ul>\n<p><strong>Funcion\u00e1rios que n\u00e3o possuem mais v\u00ednculo com a Vieira de Figueiredo Advogados Associados<\/strong><\/p>\n<ul>\n<li>Podemos manter os dados pessoais que voc\u00ea voluntariamente fornecer \u00e0 Vieira de Figueiredo Advogados Associados (FAF Advogados Associados) e\/ou que coletamos durante a sua rela\u00e7\u00e3o de trabalho ou de emprego conosco. Armazenamos esses dados na forma e pelo per\u00edodo exigido pela legisla\u00e7\u00e3o trabalhista e previd\u00eancia aplic\u00e1vel, bem como permitido pela LGPD. Esses dados podem incluir: Nome, RG, CPF, Endere\u00e7o, Nacionalidade, G\u00eanero, informa\u00e7\u00f5es de contato (e-mail e\/ou telefone), informa\u00e7\u00f5es da CTPS, carteira de reservista, t\u00edtulo de eleitor, informa\u00e7\u00f5es acad\u00eamicas, cargo, matr\u00edcula.<\/li>\n<\/ul>\n<p><strong>Familiares<\/strong><\/p>\n<ul>\n<li>A Vieira de Figueiredo Advogados Associados (FAF Advogados Associados) ir\u00e1 tratar os dados pessoais fornecidos pelos colaboradores ou ex-colaboradores (sendo esses: Nome, RG, CPF, n\u00edvel de parentesco, o que pode envolver dados de crian\u00e7a ou adolescentes), exclusivamente para fins de fornecimento de benef\u00edcios concedidos aos nossos colaboradores e\/ou ex-colaboradores a qual se estende aos seus familiares.<\/li>\n<\/ul>\n<p><strong>Fornecedores e Clientes<\/strong><\/p>\n<ul>\n<li>A Vieira de Figueiredo Advogados Associados (FAF Advogados Associados) tratar\u00e1 seus dados cadastrais (Nome, Endere\u00e7o, CPF, RG e Telefone) que voc\u00ea nos fornece a fim de realizar a presta\u00e7\u00e3o de servi\u00e7o e\/ou fornecimento de produtos por voc\u00ea ou pela empresa a qual voc\u00ea representa.<\/li>\n<li>Utilizaremos seus e-mail e telefone para entrar em contato com voc\u00ea sobre atividades que sejam relacionadas \u00e0 presta\u00e7\u00e3o de servi\u00e7o e\/ou fornecimento de produtos.<\/li>\n<\/ul>\n<p><strong>Candidatos<\/strong><\/p>\n<ul>\n<li>A Vieira de Figueiredo Advogados Associados (FAF Advogados Associados) tratar\u00e1 seus dados cadastrais (sendo esses: Nome, RG, CPF, endere\u00e7o, dados profissionais e acad\u00eamicos) dentre outros dados conforme voc\u00ea nos forne\u00e7a para fins da sua identifica\u00e7\u00e3o no processo seletivo e forma\u00e7\u00e3o de cadastro.<\/li>\n<li>Utilizaremos seu e-mail e\/ou telefone para entrar em contato com voc\u00ea sobre o andamento do processo seletivo.<\/li>\n<li>Analisaremos informa\u00e7\u00f5es sobre sua trajet\u00f3ria acad\u00eamica, experi\u00eancia profissional e habilidades descritas no curr\u00edculo que voc\u00ea compartilhou.<\/li>\n<li>Al\u00e9m das informa\u00e7\u00f5es acima, caso voc\u00ea avance no processo seletivo e seja convocado para entrevistas presenciais, n\u00f3s iremos tratar quaisquer dados pessoais fornecidos por voc\u00ea durante a entrevista, podendo ser estes: detalhes sobre sua vida pessoal e seus h\u00e1bitos, informa\u00e7\u00f5es sobre suas experi\u00eancias e fun\u00e7\u00f5es que j\u00e1 desempenhou, expectativas etc.<\/li>\n<li>Por fim, caso voc\u00ea seja convocado para etapa final, a fim de conhecer melhor nossos candidatos, podemos solicitar informa\u00e7\u00f5es adicionais para realizar um background check.<\/li>\n<\/ul>\n<h4><strong>DADOS PESSOAIS SENS\u00cdVEIS<\/strong><\/h4>\n<p>Em alguns casos a Vieira de Figueiredo Advogados Associados (FAF Advogados Associados) trata dados pessoais considerados sens\u00edveis de acordo com a legisla\u00e7\u00e3o vigente. E, quando existe necessidade de processar seus dados pessoais sens\u00edveis, por qualquer motivo, n\u00f3s obteremos seu pr\u00e9vio, expresso e formal consentimento para qualquer processamento. Se processarmos seus dados pessoais sens\u00edveis para outras finalidades, n\u00f3s nos apoiaremos nas seguintes bases legais: (i) detec\u00e7\u00e3o e preven\u00e7\u00e3o a fraude; (ii) cumprimento da lei aplic\u00e1vel, (iii) prote\u00e7\u00e3o ao cr\u00e9dito.<\/p>\n<h4><strong>COOKIES<\/strong><\/h4>\n<p>Cookies s\u00e3o utilizados para melhorar o uso e a funcionalidade dos sites e demais servi\u00e7os na web e entender melhor como os nossos visitantes utilizam nossos sites e servi\u00e7os online.<\/p>\n<p><strong>SOBRE O USO DE COOKIES, ARQUIVOS DE REGISTRO (LOGS) E SIMILARES<\/strong><\/p>\n<p>Durante a sua intera\u00e7\u00e3o com nosso website, n\u00e3o utilizamos tecnologias de coleta autom\u00e1tica de dados para capturar informa\u00e7\u00f5es sobre as a\u00e7\u00f5es que voc\u00ea tomou.<\/p>\n<p><strong>DEFINI\u00c7\u00c3O DE COOKIES<\/strong><\/p>\n<p>Cookies s\u00e3o pequenos arquivos de texto que podem ser colocados no seu computador ou dispositivo m\u00f3vel atrav\u00e9s de sites ou servi\u00e7os na web que voc\u00ea utiliza. Eles s\u00e3o utilizados para garantir o bom funcionamento de sites e demais servi\u00e7os online, assim como para fornecer informa\u00e7\u00f5es aos propriet\u00e1rios do website ou servi\u00e7o online.<\/p>\n<h4><strong>COMO UTILIZAMOS SEUS DADOS PESSOAIS E INFORMA\u00c7\u00d5ES<\/strong><\/h4>\n<p>Os itens a seguir descrevem as finalidades para as quais a Vieira de Figueiredo Advogados Associados (FAF Advogados Associados) coleta os seus dados pessoais. Note por favor que nem todas as formas de coleta e utiliza\u00e7\u00e3o abaixo ser\u00e3o relevantes para todos os indiv\u00edduos e podem aplicar-se apenas em situa\u00e7\u00f5es espec\u00edficas:<\/p>\n<ul>\n<li>Atendimento de seus pedidos.<\/li>\n<li>Compartilhamento com prestadores de servi\u00e7os para realizar os servi\u00e7os disponibilizados pela Vieira de Figueiredo Advogados Associados (FAF Advogados Associados).<\/li>\n<li>Responder a solicita\u00e7\u00f5es de \u00f3rg\u00e3os reguladores ou obriga\u00e7\u00f5es legais.<\/li>\n<li>Tratamento de dados mediante a conformidade com regula\u00e7\u00f5es governamentais.<\/li>\n<li>Responder \u00e0s suas d\u00favidas e coment\u00e1rios (por exemplo, se voc\u00ea fez uma pergunta ou enviou feedback atrav\u00e9s do website).<\/li>\n<li>Fornecer-lhe informa\u00e7\u00f5es, produtos ou servi\u00e7os que voc\u00ea solicitou ou que percebemos que podem interessar a voc\u00ea, a menos que voc\u00ea nos diga o contr\u00e1rio.<\/li>\n<li>Notificar voc\u00ea sobre altera\u00e7\u00f5es de privacidade no website.<\/li>\n<li>Detectar e prevenir o uso indevido ou abuso deste website ou de nossos servi\u00e7os.<\/li>\n<\/ul>\n<h4><strong>COM QUEM COMPARTILHAMOS SEUS DADOS PESSOAIS<\/strong><\/h4>\n<p>Podemos compartilhar suas informa\u00e7\u00f5es a fim de fornecer-lhe produtos ou servi\u00e7os que voc\u00ea solicitou, se tivermos um interesse leg\u00edtimo em faz\u00ea-lo (por exemplo, gerenciar riscos, verificar<\/p>\n<p>sua identidade, combater fraudes, abuso de nosso website ou servi\u00e7os), ou onde voc\u00ea consentiu para realizarmos o compartilhamento.<\/p>\n<p>Compartilhamos seus dados pessoais, quando necess\u00e1rio, para os seguintes grupos:<\/p>\n<ul>\n<li><strong>Provedores de servi\u00e7os:<\/strong>Incluem companhias externas que s\u00e3o utilizadas para auxiliar na opera\u00e7\u00e3o do nosso neg\u00f3cio<\/li>\n<li><strong>Ag\u00eancias de an\u00e1lise de cr\u00e9dito, cobran\u00e7a de d\u00edvidas e servi\u00e7os financeiros:<\/strong>Para auxiliar e verificar a situa\u00e7\u00e3o do seu cr\u00e9dito ou para coletar pagamentos vencidos.<\/li>\n<li><strong>Entidades externas:<\/strong>Cumprimento de solicita\u00e7\u00f5es de servi\u00e7os como por exemplo o compartilhamento dos dados com o Correios.<\/li>\n<li><strong>Reguladores:<\/strong>Em situa\u00e7\u00f5es que estamos sob obriga\u00e7\u00e3o legal de divulgar informa\u00e7\u00f5es, a fim de interesse p\u00fablico (por exemplo: para prevenir ou detectar fraudes, abuso de nosso website ou servi\u00e7os).<\/li>\n<\/ul>\n<p>A Vieira de Figueiredo Advogados Associados (FAF Advogados Associados) n\u00e3o licencia ou vende os seus dados pessoais a empresas terceiras.<\/p>\n<h4><strong>SOBRE O ARMAZENAMENTO, A RETEN\u00c7\u00c3O E T\u00c9RMINO DO TRATAMENTO DOS SEUS DADOS PESSOAIS<\/strong><\/h4>\n<p>Podemos reter seus dados pessoais pelo prazo exigido por lei, at\u00e9 o t\u00e9rmino do tratamento de seus dados pessoais ou pelo per\u00edodo necess\u00e1rio para realizarmos nossos interesses leg\u00edtimos baseado nas diretrizes da lei.<\/p>\n<p>Quando o prazo para o tratamento de seus dados pessoais se encerrar, estes ser\u00e3o eliminados no \u00e2mbito e nos limites t\u00e9cnicos das atividades, autorizada a conserva\u00e7\u00e3o quando houver justificativas legais para reten\u00e7\u00e3o desses dados.<\/p>\n<p>O t\u00e9rmino do tratamento ocorrer\u00e1 quando for identificado:<\/p>\n<ul>\n<li>A finalidade para o tratamento dos dados pessoais informado em consentimento, quando houver, for alcan\u00e7ada, n\u00e3o havendo mais necessidade de tratar os dados pessoais.<\/li>\n<li>O titular que anteriormente forneceu consentimento para o uso dos dados pessoais, solicitou revoga\u00e7\u00e3o deste consentimento.<\/li>\n<li>Determina\u00e7\u00e3o legal.<\/li>\n<\/ul>\n<p>Voc\u00ea tem o direito de solicitar a exclus\u00e3o, revis\u00e3o, atualiza\u00e7\u00e3o, retifica\u00e7\u00e3o, portabilidade e revis\u00e3o de decis\u00f5es automatizadas dos seus dados quando achar necess\u00e1rio, contudo, ele ser\u00e1 realizado apenas se estiver de acordo com as obriga\u00e7\u00f5es legais.<\/p>\n<h4><strong>TRANSFER\u00caNCIA DOS SEUS DADOS PESSOAIS<\/strong><\/h4>\n<p>Dada a natureza do nosso neg\u00f3cio, \u00e9 poss\u00edvel que tenhamos que transferir os seus dados pessoais armazenados dentro da Vieira de Figueiredo Advogados Associados (FAF Advogados Associados) para terceiros, de acordo com as finalidades estabelecidas nesta pol\u00edtica de privacidade. Por este motivo, poderemos transferir os seus dados pessoais para outros pa\u00edses, desde que estes possuam leis e regulamenta\u00e7\u00f5es compat\u00edveis com as vigentes no Brasil, e que a transfer\u00eancia seja realizada apoiada em base legal ou consentimento do titular.<\/p>\n<h4><strong>SEGURAN\u00c7A DOS SEUS DADOS PESSOAIS<\/strong><\/h4>\n<p>A Vieira de Figueiredo Advogados Associados (FAF Advogados Associados) adota medidas adequadas para garantir que seus dados pessoais sejam mantidos de forma confidencial e segura. Conscientizamos nossos colaboradores sobre o tema de privacidade (incluindo prestadores de servi\u00e7os), procedimentos internos, controles de acesso, responsabilidades e sobre as melhores pr\u00e1ticas de mercado.<\/p>\n<h4><strong>SOBRE OS SEUS DIREITOS REFERENTES A DADOS PESSOAIS<\/strong><\/h4>\n<p>Voc\u00ea tem uma s\u00e9rie de direitos em rela\u00e7\u00e3o aos dados pessoais que temos sobre voc\u00ea. Esses direitos incluem:<\/p>\n<p><strong>Acesso aos dados:<\/strong>\u00a0Diz respeito ao seu direito de receber de forma completa, simples e clara os dados de sua titularidade que est\u00e3o sob posse da Vieira de Figueiredo Advogados Associados (FAF Advogados Associados).<\/p>\n<p><strong>Corre\u00e7\u00e3o de dados incompletos, inexatos ou desatualizados:<\/strong>\u00a0Diz respeito ao seu direito de solicitar a corre\u00e7\u00e3o de seus dados pessoais, uma vez que estejam, incompletos, inexatos (errados) ou desatualizados.<\/p>\n<p><strong>Bloqueio ou elimina\u00e7\u00e3o de dados desnecess\u00e1rios, excessivos ou tratados em desconformidade com a LGPD:<\/strong>\u00a0Diz respeito ao seu direito de solicitar que seus dados sejam eliminados. A lei nos permite utilizar de outras op\u00e7\u00f5es que n\u00e3o sejam a elimina\u00e7\u00e3o, uma vez que n\u00e3o seja poss\u00edvel realiz\u00e1-la. S\u00e3o essas: bloqueio ou anonimiza\u00e7\u00e3o.<\/p>\n<p><strong>Portabilidade dos dados:<\/strong>\u00a0Diz respeito ao seu direito de receber suas informa\u00e7\u00f5es em formato estruturado e acess\u00edvel para que possa transmitir esses dados a outra entidade sem limita\u00e7\u00f5es.<\/p>\n<p><strong>Elimina\u00e7\u00e3o dos dados pessoais tratados com o consentimento do titular, exceto se permitido pela LGPD:<\/strong>\u00a0Diz respeito ao seu direito de requerer a elimina\u00e7\u00e3o de seus dados pessoais da base de dados da Vieira de Figueiredo Advogados Associados (FAF Advogados Associados) mesmo tendo fornecido o consentimento para a reten\u00e7\u00e3o desses dados, sendo que poderemos mant\u00ea-los somente com base em algumas finalidades que s\u00e3o definidas pela LGPD. S\u00e3o essas: Cumprimento de obriga\u00e7\u00e3o legal ou regulat\u00f3ria, transfer\u00eancia a terceiro, desde que respeitados os requisitos de tratamento de dados definidos pela LGPD e uso exclusivo da Vieira de Figueiredo Advogados Associados (FAF Advogados Associados), vedado o seu acesso por terceiro, garantindo a anonimiza\u00e7\u00e3o dos dados.<\/p>\n<p><strong>Informa\u00e7\u00e3o das entidades p\u00fablicas e privadas com as quais o controlador realizou uso compartilhado de dados:<\/strong>\u00a0Diz respeito ao seu direito de solicitar que a Vieira de Figueiredo Advoga<\/p>\t\t\t\t\t\t<\/div>\n\t\t\t\t<\/div>\n\t\t\t\t\t<\/div>\n\t\t\t\t<\/div>\n\t\t\t\t<\/div>\n\t\t","protected":false},"excerpt":{"rendered":"<p>SUA PRIVACIDADE Sua privacidade \u00e9 importante para n\u00f3s. Este aviso de privacidade se aplica a informa\u00e7\u00f5es pessoais que coletamos de voc\u00ea. Ele sempre ficar\u00e1 dispon\u00edvel em sua [&hellip;]<\/p>\n","protected":false},"author":1,"featured_media":0,"parent":0,"menu_order":0,"comment_status":"closed","ping_status":"open","template":"","meta":{"footnotes":""},"class_list":["post-3","page","type-page","status-publish","hentry"],"_links":{"self":[{"href":"https:\/\/fafajud.com.br\/sitenovo\/wp-json\/wp\/v2\/pages\/3","targetHints":{"allow":["GET"]}}],"collection":[{"href":"https:\/\/fafajud.com.br\/sitenovo\/wp-json\/wp\/v2\/pages"}],"about":[{"href":"https:\/\/fafajud.com.br\/sitenovo\/wp-json\/wp\/v2\/types\/page"}],"author":[{"embeddable":true,"href":"https:\/\/fafajud.com.br\/sitenovo\/wp-json\/wp\/v2\/users\/1"}],"replies":[{"embeddable":true,"href":"https:\/\/fafajud.com.br\/sitenovo\/wp-json\/wp\/v2\/comments?post=3"}],"version-history":[{"count":5,"href":"https:\/\/fafajud.com.br\/sitenovo\/wp-json\/wp\/v2\/pages\/3\/revisions"}],"predecessor-version":[{"id":6827,"href":"https:\/\/fafajud.com.br\/sitenovo\/wp-json\/wp\/v2\/pages\/3\/revisions\/6827"}],"wp:attachment":[{"href":"https:\/\/fafajud.com.br\/sitenovo\/wp-json\/wp\/v2\/media?parent=3"}],"curies":[{"name":"wp","href":"https:\/\/api.w.org\/{rel}","templated":true}]}}