{"id":6845,"date":"2024-07-04T13:13:11","date_gmt":"2024-07-04T16:13:11","guid":{"rendered":"http:\/\/fafajud.com.br\/sitenovo\/?page_id=6845"},"modified":"2024-09-19T19:49:44","modified_gmt":"2024-09-19T22:49:44","slug":"noticias","status":"publish","type":"page","link":"https:\/\/fafajud.com.br\/sitenovo\/noticias\/","title":{"rendered":"Not\u00edcias"},"content":{"rendered":"\t\t<div data-elementor-type=\"wp-page\" data-elementor-id=\"6845\" class=\"elementor elementor-6845\" data-elementor-post-type=\"page\">\n\t\t\t\t<div class=\"elementor-element elementor-element-44c9ca02 elementor-hidden-tablet elementor-hidden-mobile e-flex e-con-boxed e-con e-parent\" data-id=\"44c9ca02\" data-element_type=\"container\" data-settings=\"{&quot;background_background&quot;:&quot;classic&quot;}\">\n\t\t\t\t\t<div class=\"e-con-inner\">\n\t\t\t\t<div class=\"elementor-element elementor-element-54643ad9 elementor-widget elementor-widget-spacer\" data-id=\"54643ad9\" data-element_type=\"widget\" data-widget_type=\"spacer.default\">\n\t\t\t\t<div class=\"elementor-widget-container\">\n\t\t\t\t\t<div class=\"elementor-spacer\">\n\t\t\t<div class=\"elementor-spacer-inner\"><\/div>\n\t\t<\/div>\n\t\t\t\t<\/div>\n\t\t\t\t<\/div>\n\t\t\t\t<div class=\"elementor-element elementor-element-ad91793 elementor-widget elementor-widget-heading\" data-id=\"ad91793\" data-element_type=\"widget\" data-widget_type=\"heading.default\">\n\t\t\t\t<div class=\"elementor-widget-container\">\n\t\t\t<h2 class=\"elementor-heading-title elementor-size-default\">Not\u00edcias<\/h2>\t\t<\/div>\n\t\t\t\t<\/div>\n\t\t\t\t<div class=\"elementor-element elementor-element-57196d0 elementor-widget elementor-widget-text-editor\" data-id=\"57196d0\" data-element_type=\"widget\" data-widget_type=\"text-editor.default\">\n\t\t\t\t<div class=\"elementor-widget-container\">\n\t\t\t\t\t\t\t<p><span style=\"color: #ff0000;\"><a style=\"color: #ff0000;\" href=\"http:\/\/fafajud.com.br\/sitenovo\">Home<\/a> <\/span>&gt; Not\u00edcias<\/p>\t\t\t\t\t\t<\/div>\n\t\t\t\t<\/div>\n\t\t\t\t\t<\/div>\n\t\t\t\t<\/div>\n\t\t<div class=\"elementor-element elementor-element-f3d665d e-con-full e-flex e-con e-parent\" data-id=\"f3d665d\" data-element_type=\"container\">\n\t\t<div class=\"elementor-element elementor-element-ad87479 e-con-full e-flex e-con e-child\" data-id=\"ad87479\" data-element_type=\"container\">\n\t\t\t\t<\/div>\n\t\t<div class=\"elementor-element elementor-element-dbc3df0 e-con-full e-flex e-con e-child\" data-id=\"dbc3df0\" data-element_type=\"container\">\n\t\t\t\t<div class=\"elementor-element elementor-element-ac90dd3 elementor-widget elementor-widget-tfposts\" data-id=\"ac90dd3\" data-element_type=\"widget\" data-widget_type=\"tfposts.default\">\n\t\t\t\t<div class=\"elementor-widget-container\">\n\t\t\t            <div id=\"tf-posts-ac90dd3\" class=\"tf-posts\" data-tabid=\"ac90dd3\">\n                <div class=\"wrap-posts row column-1 \" id=\"tf-post-list-ac90dd3\">\n\t\t\t\t\t                        <div class=\"item col-12 col-md-12 col-lg-12\">\n                            <article id=\"post-1260\" class=\"blog-post post-1260 post type-post status-publish format-standard has-post-thumbnail hentry category-noticias tag-agency tag-business tag-creative\">\n                                <div class=\"main-post entry-border\">\n\t\t\t\t\t\t\t\t\t                                        <div class=\"featured-post\">\n\t\t\t\t\t\t\t\t\t\t\t            <a title=\"STJ mant\u00e9m responsabilidade solid\u00e1ria de herdeiros em d\u00edvida condominial\" style=\"--themesflat-image-ratio : 67.567567567568%;background-image: url(https:\/\/fafajud.com.br\/sitenovo\/wp-content\/uploads\/2022\/06\/closeup-lawyer-working-at-office-asian-lawyer-doi-2023-11-27-05-23-05-utc-scaled-740x500.jpg)\" class=\"themesflat__entry-thumbnail themesflat__embed-responsive themesflat__image-size-740x500\" href=\"https:\/\/fafajud.com.br\/sitenovo\/domestic-violence-in-california-how-a-lawyer-can-help-2\/\">\n            <\/a>\n\t\t\t                                        <\/div>\n\t\t\t\t\t\t\t\t\t\n                                    <div class=\"content-post\">\n\t\t\t\t\t\t\t\t\t\t\t\t\t\t\t\t\t\t\t\t                                            <h2 class=\"entry-title\"><a\n                                                        href=\"https:\/\/fafajud.com.br\/sitenovo\/domestic-violence-in-california-how-a-lawyer-can-help-2\/\"\n                                                        title=\"STJ mant\u00e9m responsabilidade solid\u00e1ria de herdeiros em d\u00edvida condominial\">STJ mant\u00e9m responsabilidade solid\u00e1ria de herdeiros em d\u00edvida condominial<\/a>\n                                            <\/h2>\n\t\t\t\t\t\t\t\t\t\t\t\t\t\t\t\t\t\t\t\t\t\t\t\t\t\t\t\t\t\t                                            <div class=\"themesflat-button-container\"><a\n                                                        class=\"themesflat-readmore-archive tf-button btn-primary\"\n                                                        href=\"https:\/\/fafajud.com.br\/sitenovo\/domestic-violence-in-california-how-a-lawyer-can-help-2\/\"\n                                                        rel=\"nofollow\">Sa\u00edba Mais<\/a>\n                                            <\/div>\n\t\t\t\t\t\t\t\t\t\t                                    <\/div><!-- \/.entry-post -->\n\n                                <\/div><!-- \/.main-post -->\n                            <\/article><!-- #post-## -->\n                        <\/div>\n\t\t\t\t\t                        <div class=\"item col-12 col-md-12 col-lg-12\">\n                            <article id=\"post-1262\" class=\"blog-post post-1262 post type-post status-publish format-standard has-post-thumbnail hentry category-noticias tag-agency tag-business tag-creative\">\n                                <div class=\"main-post entry-border\">\n\t\t\t\t\t\t\t\t\t                                        <div class=\"featured-post\">\n\t\t\t\t\t\t\t\t\t\t\t            <a title=\"Disparada no n\u00famero de recupera\u00e7\u00e3o judicial entre agricultores em 2024\" style=\"--themesflat-image-ratio : 67.567567567568%;background-image: url(https:\/\/fafajud.com.br\/sitenovo\/wp-content\/uploads\/2022\/06\/agricultoresespanhois-1-1-740x500.jpg)\" class=\"themesflat__entry-thumbnail themesflat__embed-responsive themesflat__image-size-740x500\" href=\"https:\/\/fafajud.com.br\/sitenovo\/nulla-facilisi-aenean-nisi-sem-vestibulum-vel-lacus-in-2\/\">\n            <\/a>\n\t\t\t                                        <\/div>\n\t\t\t\t\t\t\t\t\t\n                                    <div class=\"content-post\">\n\t\t\t\t\t\t\t\t\t\t\t\t\t\t\t\t\t\t\t\t                                            <h2 class=\"entry-title\"><a\n                                                        href=\"https:\/\/fafajud.com.br\/sitenovo\/nulla-facilisi-aenean-nisi-sem-vestibulum-vel-lacus-in-2\/\"\n                                                        title=\"Disparada no n\u00famero de recupera\u00e7\u00e3o judicial entre agricultores em 2024\">Disparada no n\u00famero de recupera\u00e7\u00e3o judicial entre agricultores em 2024<\/a>\n                                            <\/h2>\n\t\t\t\t\t\t\t\t\t\t\t\t\t\t\t\t\t\t\t\t\t\t\t\t\t\t\t\t\t\t                                            <div class=\"themesflat-button-container\"><a\n                                                        class=\"themesflat-readmore-archive tf-button btn-primary\"\n                                                        href=\"https:\/\/fafajud.com.br\/sitenovo\/nulla-facilisi-aenean-nisi-sem-vestibulum-vel-lacus-in-2\/\"\n                                                        rel=\"nofollow\">Sa\u00edba Mais<\/a>\n                                            <\/div>\n\t\t\t\t\t\t\t\t\t\t                                    <\/div><!-- \/.entry-post -->\n\n                                <\/div><!-- \/.main-post -->\n                            <\/article><!-- #post-## -->\n                        <\/div>\n\t\t\t\t\t                        <div class=\"item col-12 col-md-12 col-lg-12\">\n                            <article id=\"post-1264\" class=\"blog-post post-1264 post type-post status-publish format-standard has-post-thumbnail hentry category-noticias tag-agency tag-business tag-creative\">\n                                <div class=\"main-post entry-border\">\n\t\t\t\t\t\t\t\t\t                                        <div class=\"featured-post\">\n\t\t\t\t\t\t\t\t\t\t\t            <a title=\"Planos podem ser obrigados a cobrir cirurgia de redu\u00e7\u00e3o da mama\" style=\"--themesflat-image-ratio : 67.567567567568%;background-image: url(https:\/\/fafajud.com.br\/sitenovo\/wp-content\/uploads\/2022\/06\/cirurgia-600x398-1-740x500.jpg)\" class=\"themesflat__entry-thumbnail themesflat__embed-responsive themesflat__image-size-740x500\" href=\"https:\/\/fafajud.com.br\/sitenovo\/fusce-tincidunt-commodo-sapien-quis-porttitor-ipsum-fringilla-et-2\/\">\n            <\/a>\n\t\t\t                                        <\/div>\n\t\t\t\t\t\t\t\t\t\n                                    <div class=\"content-post\">\n\t\t\t\t\t\t\t\t\t\t\t\t\t\t\t\t\t\t\t\t                                            <h2 class=\"entry-title\"><a\n                                                        href=\"https:\/\/fafajud.com.br\/sitenovo\/fusce-tincidunt-commodo-sapien-quis-porttitor-ipsum-fringilla-et-2\/\"\n                                                        title=\"Planos podem ser obrigados a cobrir cirurgia de redu\u00e7\u00e3o da mama\">Planos podem ser obrigados a cobrir cirurgia de redu\u00e7\u00e3o da mama<\/a>\n                                            <\/h2>\n\t\t\t\t\t\t\t\t\t\t\t\t\t\t\t\t\t\t\t\t\t\t\t\t\t\t\t\t\t\t                                            <div class=\"themesflat-button-container\"><a\n                                                        class=\"themesflat-readmore-archive tf-button btn-primary\"\n                                                        href=\"https:\/\/fafajud.com.br\/sitenovo\/fusce-tincidunt-commodo-sapien-quis-porttitor-ipsum-fringilla-et-2\/\"\n                                                        rel=\"nofollow\">Sa\u00edba Mais<\/a>\n                                            <\/div>\n\t\t\t\t\t\t\t\t\t\t                                    <\/div><!-- \/.entry-post -->\n\n                                <\/div><!-- \/.main-post -->\n                            <\/article><!-- #post-## -->\n                        <\/div>\n\t\t\t\t\t                        <div class=\"item col-12 col-md-12 col-lg-12\">\n                            <article id=\"post-3271\" class=\"blog-post post-3271 post type-post status-publish format-standard has-post-thumbnail hentry category-noticias tag-agency tag-business tag-creative\">\n                                <div class=\"main-post entry-border\">\n\t\t\t\t\t\t\t\t\t                                        <div class=\"featured-post\">\n\t\t\t\t\t\t\t\t\t\t\t            <a title=\"Judicializa\u00e7\u00e3o da sa\u00fade: n\u00famero de processos \u00e9 maior que o de m\u00e9dicos no Brasil\" style=\"--themesflat-image-ratio : 67.567567567568%;background-image: url(https:\/\/fafajud.com.br\/sitenovo\/wp-content\/uploads\/2022\/07\/Post_01-740x500.png)\" class=\"themesflat__entry-thumbnail themesflat__embed-responsive themesflat__image-size-740x500\" href=\"https:\/\/fafajud.com.br\/sitenovo\/lorem-ipsum-dolor-sit-amet-consectetur-adipiscing-elit\/\">\n            <\/a>\n\t\t\t                                        <\/div>\n\t\t\t\t\t\t\t\t\t\n                                    <div class=\"content-post\">\n\t\t\t\t\t\t\t\t\t\t\t\t\t\t\t\t\t\t\t\t                                            <h2 class=\"entry-title\"><a\n                                                        href=\"https:\/\/fafajud.com.br\/sitenovo\/lorem-ipsum-dolor-sit-amet-consectetur-adipiscing-elit\/\"\n                                                        title=\"Judicializa\u00e7\u00e3o da sa\u00fade: n\u00famero de processos \u00e9 maior que o de m\u00e9dicos no Brasil\">Judicializa\u00e7\u00e3o da sa\u00fade: n\u00famero de processos \u00e9 maior que o de m\u00e9dicos no Brasil<\/a>\n                                            <\/h2>\n\t\t\t\t\t\t\t\t\t\t\t\t\t\t\t\t\t\t\t\t\t\t\t\t\t\t\t\t\t\t                                            <div class=\"themesflat-button-container\"><a\n                                                        class=\"themesflat-readmore-archive tf-button btn-primary\"\n                                                        href=\"https:\/\/fafajud.com.br\/sitenovo\/lorem-ipsum-dolor-sit-amet-consectetur-adipiscing-elit\/\"\n                                                        rel=\"nofollow\">Sa\u00edba Mais<\/a>\n                                            <\/div>\n\t\t\t\t\t\t\t\t\t\t                                    <\/div><!-- \/.entry-post -->\n\n                                <\/div><!-- \/.main-post -->\n                            <\/article><!-- #post-## -->\n                        <\/div>\n\t\t\t\t\t\t\t\t\t\t                <\/div>\n            <\/div>\n\t\t\t\t<\/div>\n\t\t\t\t<\/div>\n\t\t\t\t<\/div>\n\t\t<div class=\"elementor-element elementor-element-8a4ad13 e-con-full e-flex e-con e-child\" data-id=\"8a4ad13\" data-element_type=\"container\">\n\t\t\t\t<div class=\"elementor-element elementor-element-63d82e4 elementor-widget elementor-widget-tf_latest_blog\" data-id=\"63d82e4\" data-element_type=\"widget\" data-widget_type=\"tf_latest_blog.default\">\n\t\t\t\t<div class=\"elementor-widget-container\">\n\t\t\t        <div class=\"tf-latest-blog\">\r\n            <ul class=\"tf-latest-blog-inner\">\r\n\t\t\t\t\t\t\t\t\t                        <li class=\"clearfix tf-latest-blog-item\">\r\n                            <div class=\"thumb\">\r\n\t\t\t\t\t\t\t\t            <a title=\"Judicializa\u00e7\u00e3o da sa\u00fade: n\u00famero de processos \u00e9 maior que o de m\u00e9dicos no Brasil\" style=\"--themesflat-image-ratio : 100%;background-image: url(https:\/\/fafajud.com.br\/sitenovo\/wp-content\/uploads\/2022\/07\/Post_01-70x70.png)\" class=\"themesflat__entry-thumbnail themesflat__embed-responsive themesflat__image-size-70x70\" href=\"https:\/\/fafajud.com.br\/sitenovo\/lorem-ipsum-dolor-sit-amet-consectetur-adipiscing-elit\/\">\n            <\/a>\n\t\t\t                            <\/div>\r\n                            <div class=\"info\">\r\n                                <h6 class=\"title\"><a href=\"https:\/\/fafajud.com.br\/sitenovo\/lorem-ipsum-dolor-sit-amet-consectetur-adipiscing-elit\/\"\r\n                                                     rel=\"bookmark\">Judicializa\u00e7\u00e3o da sa\u00fade: n\u00famero de processos \u00e9 maior que o de m\u00e9dicos no Brasil<\/a><\/h6>\r\n                                <a class=\"link-post\"\r\n                                   href=\"https:\/\/fafajud.com.br\/sitenovo\/lorem-ipsum-dolor-sit-amet-consectetur-adipiscing-elit\/\">Read More<\/a>\r\n                            <\/div><!-- \/.text -->\r\n                        <\/li>\r\n\t\t\t\t\t                        <li class=\"clearfix tf-latest-blog-item\">\r\n                            <div class=\"thumb\">\r\n\t\t\t\t\t\t\t\t            <a title=\"Planos podem ser obrigados a cobrir cirurgia de redu\u00e7\u00e3o da mama\" style=\"--themesflat-image-ratio : 100%;background-image: url(https:\/\/fafajud.com.br\/sitenovo\/wp-content\/uploads\/2022\/06\/cirurgia-600x398-1-70x70.jpg)\" class=\"themesflat__entry-thumbnail themesflat__embed-responsive themesflat__image-size-70x70\" href=\"https:\/\/fafajud.com.br\/sitenovo\/fusce-tincidunt-commodo-sapien-quis-porttitor-ipsum-fringilla-et-2\/\">\n            <\/a>\n\t\t\t                            <\/div>\r\n                            <div class=\"info\">\r\n                                <h6 class=\"title\"><a href=\"https:\/\/fafajud.com.br\/sitenovo\/fusce-tincidunt-commodo-sapien-quis-porttitor-ipsum-fringilla-et-2\/\"\r\n                                                     rel=\"bookmark\">Planos podem ser obrigados a cobrir cirurgia de redu\u00e7\u00e3o da mama<\/a><\/h6>\r\n                                <a class=\"link-post\"\r\n                                   href=\"https:\/\/fafajud.com.br\/sitenovo\/fusce-tincidunt-commodo-sapien-quis-porttitor-ipsum-fringilla-et-2\/\">Read More<\/a>\r\n                            <\/div><!-- \/.text -->\r\n                        <\/li>\r\n\t\t\t\t\t                        <li class=\"clearfix tf-latest-blog-item\">\r\n                            <div class=\"thumb\">\r\n\t\t\t\t\t\t\t\t            <a title=\"Disparada no n\u00famero de recupera\u00e7\u00e3o judicial entre agricultores em 2024\" style=\"--themesflat-image-ratio : 100%;background-image: url(https:\/\/fafajud.com.br\/sitenovo\/wp-content\/uploads\/2022\/06\/agricultoresespanhois-1-1-70x70.jpg)\" class=\"themesflat__entry-thumbnail themesflat__embed-responsive themesflat__image-size-70x70\" href=\"https:\/\/fafajud.com.br\/sitenovo\/nulla-facilisi-aenean-nisi-sem-vestibulum-vel-lacus-in-2\/\">\n            <\/a>\n\t\t\t                            <\/div>\r\n                            <div class=\"info\">\r\n                                <h6 class=\"title\"><a href=\"https:\/\/fafajud.com.br\/sitenovo\/nulla-facilisi-aenean-nisi-sem-vestibulum-vel-lacus-in-2\/\"\r\n                                                     rel=\"bookmark\">Disparada no n\u00famero de recupera\u00e7\u00e3o judicial entre agricultores em 2024<\/a><\/h6>\r\n                                <a class=\"link-post\"\r\n                                   href=\"https:\/\/fafajud.com.br\/sitenovo\/nulla-facilisi-aenean-nisi-sem-vestibulum-vel-lacus-in-2\/\">Read More<\/a>\r\n                            <\/div><!-- \/.text -->\r\n                        <\/li>\r\n\t\t\t\t\t                        <li class=\"clearfix tf-latest-blog-item\">\r\n                            <div class=\"thumb\">\r\n\t\t\t\t\t\t\t\t            <a title=\"STJ mant\u00e9m responsabilidade solid\u00e1ria de herdeiros em d\u00edvida condominial\" style=\"--themesflat-image-ratio : 100%;background-image: url(https:\/\/fafajud.com.br\/sitenovo\/wp-content\/uploads\/2022\/06\/closeup-lawyer-working-at-office-asian-lawyer-doi-2023-11-27-05-23-05-utc-scaled-70x70.jpg)\" class=\"themesflat__entry-thumbnail themesflat__embed-responsive themesflat__image-size-70x70\" href=\"https:\/\/fafajud.com.br\/sitenovo\/domestic-violence-in-california-how-a-lawyer-can-help-2\/\">\n            <\/a>\n\t\t\t                            <\/div>\r\n                            <div class=\"info\">\r\n                                <h6 class=\"title\"><a href=\"https:\/\/fafajud.com.br\/sitenovo\/domestic-violence-in-california-how-a-lawyer-can-help-2\/\"\r\n                                                     rel=\"bookmark\">STJ mant\u00e9m responsabilidade solid\u00e1ria de herdeiros em d\u00edvida condominial<\/a><\/h6>\r\n                                <a class=\"link-post\"\r\n                                   href=\"https:\/\/fafajud.com.br\/sitenovo\/domestic-violence-in-california-how-a-lawyer-can-help-2\/\">Read More<\/a>\r\n                            <\/div><!-- \/.text -->\r\n                        <\/li>\r\n\t\t\t\t\t\t\t\t\t\t\t\t\t\t            <\/ul>\r\n        <\/div>\r\n\t\t\t\t<\/div>\n\t\t\t\t<\/div>\n\t\t\t\t<\/div>\n\t\t\t\t<\/div>\n\t\t<div class=\"elementor-element elementor-element-d7742e9 e-flex e-con-boxed e-con e-parent\" data-id=\"d7742e9\" data-element_type=\"container\">\n\t\t\t\t\t<div class=\"e-con-inner\">\n\t\t\t\t<div class=\"elementor-element elementor-element-fa907ef elementor-widget elementor-widget-post-navigation\" data-id=\"fa907ef\" data-element_type=\"widget\" data-widget_type=\"post-navigation.default\">\n\t\t\t\t<div class=\"elementor-widget-container\">\n\t\t\t\t\t<div class=\"elementor-post-navigation\">\n\t\t\t<div class=\"elementor-post-navigation__prev elementor-post-navigation__link\">\n\t\t\t\t\t\t\t<\/div>\n\t\t\t\t\t\t<div class=\"elementor-post-navigation__next elementor-post-navigation__link\">\n\t\t\t\t\t\t\t<\/div>\n\t\t<\/div>\n\t\t\t\t<\/div>\n\t\t\t\t<\/div>\n\t\t\t\t\t<\/div>\n\t\t\t\t<\/div>\n\t\t\t\t<\/div>\n\t\t","protected":false},"excerpt":{"rendered":"<p>Not\u00edcias Home &gt; Not\u00edcias STJ mant\u00e9m responsabilidade solid\u00e1ria de herdeiros em d\u00edvida condominial Sa\u00edba Mais Disparada no n\u00famero de recupera\u00e7\u00e3o judicial entre agricultores em 2024 Sa\u00edba Mais [&hellip;]<\/p>\n","protected":false},"author":1,"featured_media":0,"parent":0,"menu_order":0,"comment_status":"closed","ping_status":"closed","template":"elementor_header_footer","meta":{"footnotes":""},"class_list":["post-6845","page","type-page","status-publish","hentry"],"_links":{"self":[{"href":"https:\/\/fafajud.com.br\/sitenovo\/wp-json\/wp\/v2\/pages\/6845","targetHints":{"allow":["GET"]}}],"collection":[{"href":"https:\/\/fafajud.com.br\/sitenovo\/wp-json\/wp\/v2\/pages"}],"about":[{"href":"https:\/\/fafajud.com.br\/sitenovo\/wp-json\/wp\/v2\/types\/page"}],"author":[{"embeddable":true,"href":"https:\/\/fafajud.com.br\/sitenovo\/wp-json\/wp\/v2\/users\/1"}],"replies":[{"embeddable":true,"href":"https:\/\/fafajud.com.br\/sitenovo\/wp-json\/wp\/v2\/comments?post=6845"}],"version-history":[{"count":25,"href":"https:\/\/fafajud.com.br\/sitenovo\/wp-json\/wp\/v2\/pages\/6845\/revisions"}],"predecessor-version":[{"id":7649,"href":"https:\/\/fafajud.com.br\/sitenovo\/wp-json\/wp\/v2\/pages\/6845\/revisions\/7649"}],"wp:attachment":[{"href":"https:\/\/fafajud.com.br\/sitenovo\/wp-json\/wp\/v2\/media?parent=6845"}],"curies":[{"name":"wp","href":"https:\/\/api.w.org\/{rel}","templated":true}]}}